 a be b(5). What are the prime factors of 2 + -1 + 1 - a?
2
Suppose -4*j = -16, 4*w + 0*j = 5*j + 20. Let n(q) = q**2 - 8*q - 3. What are the prime factors of n(w)?
17
Suppose -5*j + 344 = 39. What are the prime factors of j?
61
Suppose 2*m = 4*y - m - 8, 10 = 5*y + 4*m. Suppose -3*c - 2*k - y*k = -53, 4*k - 8 = 0. What are the prime factors of c?
3, 5
Let s(j) = -3*j - 12. Suppose -5*r - 3*b = 36, r + 3*b = 5*b - 15. What are the prime factors of s(r)?
3, 5
Let h = -46 + 170. What are the prime factors of h?
2, 31
Suppose c + 22 = -0*c. Let u = 16 - c. What are the prime factors of u?
2, 19
Let y(c) = 4*c**2 - 9*c + 1. Let i be y(8). Suppose 5*m - i - 115 = 0. Suppose -5*q + m = 3*z, q + 2*z = z + 12. What are the prime factors of q?
2, 3
Let i(o) = -o**3 + 8*o. What are the prime factors of i(-4)?
2
Let c(s) = -3*s. Let b be c(-2). Let q(p) = p + 4. Let o be q(0). Suppose d = i + b + o, 5*d - i = 30. What are the prime factors of d?
5
Suppose 2*n + n - 12 = 0. Let q(v) = 3*v - 6. Let l be q(n). Let c = l - -5. List the prime factors of c.
11
Let v be -1*(-2)/(-4)*-14. Suppose -o - v = -3*a, a = -o + 2*a - 5. List the prime factors of (-2)/(o/34) - 1.
2
Suppose -5*a = -81 - 39. Let u = -11 + a. What are the prime factors of u?
13
Let q = -1 - -1. Suppose -3*w + 10 + 8 = q. What are the prime factors of ((-28)/w)/(1/(-3))?
2, 7
Let q = -11 - 10. Let r = q + 46. What are the prime factors of r?
5
Suppose 0*q - q = 4*u - 27, -2*q + 4*u = 6. What are the prime factors of q?
7
Let m(o) = 7*o**2 - 2*o - 1. Suppose 0 = k - 2 - 3. Suppose -3 = k*w + 2. What are the prime factors of m(w)?
2
List the prime factors of (-2)/((-150)/(-38) - 4).
2, 19
Let c(j) be the first derivative of -j**3/3 + 8*j**2 - 4*j + 8. What are the prime factors of c(13)?
5, 7
Let m = 11 + -7. List the prime factors of 30/m*8/4.
3, 5
Suppose -9 = -4*l - 5*x, 4 = 3*l - 4*l + 5*x. Let m be l*(3 + -1 - 1). Let v(u) = 7*u**2. What are the prime factors of v(m)?
7
Let u(q) = -q**2 - 12*q - 10. Let c(r) = -2*r + 1. Let j be c(4). List the prime factors of u(j).
5
Let h(n) = -1 + 2*n**2 - 6*n + 4 - 3*n**2. Suppose 3*f + 25 - 10 = 0. What are the prime factors of h(f)?
2
Suppose -3*x = q + x + 6, 5*x = -q - 10. Let u(a) = a**3 - 10*a**2 + 2*a + 9. List the prime factors of u(q).
29
Suppose -2*a = -0*k - 4*k - 36, -3*k = -4*a + 67. What are the prime factors of a?
2
Let j = -8 - -11. Suppose 5*i = -4*k + 140, -j*k - 17 + 162 = 5*i. Let n = 49 - i. List the prime factors of n.
17
Suppose -3*y = -4*y + 1. Suppose -2*f + y = -x - 0*f, -2*f = -4. List the prime factors of x.
3
Suppose 2*q = 254 - 76. What are the prime factors of q?
89
Suppose -f - 111 = -5*k, 0*k + k + 5*f = 43. List the prime factors of k.
23
Let n(j) = -j**2 + 1. Let o be n(-1). Suppose -5*c - g = -77, -g = -c - o*c + 13. What are the prime factors of c?
3, 5
List the prime factors of 3*1205/15 - (2 + -1).
2, 3, 5
Let f = -288 - -419. What are the prime factors of f?
131
Suppose d = -0*d + 4*f - 3, 0 = 2*d + 5*f + 6. Let w(c) = -c**2 - 2*c + 1. Let a be w(d). What are the prime factors of (3/a)/((-6)/16)?
2
Let w(k) = -3 + 4 - 2*k + 3*k. Let n be w(-2). What are the prime factors of n/3 + 34/3?
11
Suppose 4*h = -h - 20. List the prime factors of (-30)/(-8) + (-1)/h.
2
Let p(d) = -d**2 - d + 1. Let h(k) = -12*k**2 - 14*k + 14. Let c(n) = 2*h(n) - 28*p(n). Let y be c(-3). Suppose y = 2*s + 2*s. List the prime factors of s.
3
Suppose 25 = m - 2. List the prime factors of m.
3
Let i(m) be the second derivative of -m**3/6 - m**2/2 - 2*m. Let d be i(-4). Suppose 0*n - d*n + 24 = 0. What are the prime factors of n?
2
List the prime factors of (-20)/(-4) + 181 - -2.
2, 47
Let y(h) = 8*h**2 + 7*h - 7. What are the prime factors of y(3)?
2, 43
Let m(w) = 5*w**3 - 3*w**2 - 6. Let z(b) = 4*b**3 - 2*b**2 + b - 6. Let x(d) = -5*m(d) + 6*z(d). Let o be x(4). List the prime factors of 1/o - 22/(-4).
2, 3
Suppose 2*d + 4*m + 12 = -0*d, 5*m = 4*d - 2. Let z be (22 - -2)/4 + 1. Let x = z + d. List the prime factors of x.
5
Let s = -278 + 405. What are the prime factors of s?
127
Let y = 1 - 2. Let i be 1/(y - -2)*-1. Let j = 13 + i. List the prime factors of j.
2, 3
Let s be (-8)/2*28/(-16). Suppose -c - s = -2*c. List the prime factors of c.
7
Suppose 0 = -0*z + 5*z. Suppose 8*d - 5*d - 24 = z. List the prime factors of d.
2
Suppose -4*v = 21 - 109. Suppose z + l = -4*l + 2, -l = 2*z - v. List the prime factors of z.
2, 3
Let i(m) = 2*m + 1. Let o be i(1). Let x(j) = 4*j - 1. Let a be x(1). Suppose -a*v + o = -3. List the prime factors of v.
2
Let f(p) = -4*p**3 - 9*p**2 - 6*p - 4. Let j(z) = -z**3 - z**2. Suppose 3 = -4*v + v. Let n(a) = v*f(a) + 3*j(a). What are the prime factors of n(-4)?
2, 3
Suppose -2*t = 10, -3*t - 67 = -3*q + 53. List the prime factors of q.
5, 7
List the prime factors of (-5)/(-8 - -3)*103.
103
Suppose 3*j + 24 = 7*j. Suppose -3*f = -6*f + j. What are the prime factors of f?
2
Let x = 18 + -8. List the prime factors of x.
2, 5
Let q(g) = g**3 - 4*g**2 + 3*g + 3. Let a be q(3). Let t be -1 + 3 + -2 + a. Suppose 2*m - 4*h - 26 = 0, m = t*m + 3*h - 12. List the prime factors of m.
3
Suppose -2*u + s = -12, 3*u + u - 4*s = 28. Suppose -15 = -u*r + 5. List the prime factors of r.
2
Suppose -4*h = -3*u - 260, -u - 2*h - 90 = -5*h. Let b = -47 - u. List the prime factors of b.
37
Let s be 2/7 - (-762)/(-21). Let l = 50 + s. What are the prime factors of l?
2, 7
Let y be (0 - 3)/(3/(-5)). What are the prime factors of 0 + y/(15/18)?
2, 3
List the prime factors of 4/(-6) + 69/9.
7
Suppose 12 = 3*r - 0. Let h be (-4)/(-10) - 153/(-5). Suppose 35 = s + 4*s - 3*d, -3*d - h = -r*s. What are the prime factors of s?
2
Let w = 3 - 3. Suppose q - 2*q + 17 = w. Suppose 13 = 4*u - 3*n, n - q = -u - n. List the prime factors of u.
7
Suppose 5*w + 57 - 209 = -2*a, 4*a + 176 = 5*w. What are the prime factors of w?
2
Let j be (1 - 2)/(2/(-10)). Let f(c) = c**3 - 4*c**2 - 3*c + 6. Let b be f(j). Suppose 5*p = p + b. What are the prime factors of p?
2
Let o = -482 - -865. List the prime factors of o.
383
Suppose 16 = -2*g + 106. List the prime factors of g.
3, 5
Suppose -2*h - 3*u + 50 = 0, 2*u + 18 = -0*h + h. Suppose 4*y - h = 2*n, 2*y - 2*n = 3*y + 7. Let g = 5 - y. What are the prime factors of g?
2
Let g = -9 + 24. What are the prime factors of g?
3, 5
Suppose -3*j = j - 48. Suppose -j = 3*h, -h = -5*p + 19 + 85. What are the prime factors of p?
2, 5
Let z(h) = -h**2 - 9*h + 4. Let s(p) = -4*p + 5*p**2 - 3 + p**3 - p**2 + 0*p**3. Let d be s(-5). List the prime factors of z(d).
2, 3
Let j = -91 - -165. Suppose 2*b + j = 4*x, x + 2*b = -0*b + 31. List the prime factors of x.
3, 7
Suppose 148 - 513 = -5*r. List the prime factors of r.
73
Suppose 2*m - 6*m = -92. Suppose 5*s = 3*k - 5*k + 5, -2*s = 5*k - m. Suppose 2*j - j = -b + 1, k = j - 3*b. What are the prime factors of j?
2
Let g(t) = 2*t**2 - 9*t - 6. Let j be g(7). Let f be 465/(-27) - (-4)/18. Let z = f + j. What are the prime factors of z?
2, 3
List the prime factors of 1 + 8/(-6) + 2030/15.
3, 5
What are the prime factors of (-22)/4*(-17 + -1)?
3, 11
Let t(r) = -r + 1. Let b be t(-5). Let s = -5 + 2. Let h = s + b. List the prime factors of h.
3
Let x = 34 + -19. List the prime factors of x.
3, 5
Let f(h) = -h - 9. Let t be f(-10). List the prime factors of -5*(t + (-6)/2).
2, 5
Let o = -1 - -3. Suppose -3*i + o = -7. Suppose -i = -n + 4. List the prime factors of n.
7
What are the prime factors of 3/(4 - 1)*49?
7
Let b(a) = -4*a - 20. What are the prime factors of b(-14)?
2, 3
Let i = -51 - -97. List the prime factors of i.
2, 23
Let c(p) = 8*p**3 - p**2 + 2*p - 1. Let k be c(1). Suppose 2*u + k = 6*u. Suppose 0 = -3*a + u + 4. What are the prime factors of a?
2
Let k(m) be the first derivative of m**3/3 + 5*m**2/2 + 7*m + 2. What are the prime factors of k(-6)?
13
What are the prime factors of (-45)/(-5) + -2*1?
7
Let b = -1 + 1. What are the prime factors of (-2 + b)/((-2)/12)?
2, 3
Suppose 0*s + 414 = 3*s. What are the prime factors of s?
2, 3, 23
Let y = -95 + 222. What are the prime factors of y?
127
Let j be 0/1*(-5)/(-15). Suppose 5*m - 73 = -b, -2*m + j*m - 3*b = -24. List the prime factors of m.
3, 5
Let w = -7 + 10. Let o = w + 7. What are the prime factors of